) = 2*c**2 + 4*c + 3. Suppose -3*x - 2*h + 84 = 0, x - h - 28 = 3*h. Let f be 2/(-10) - x/10. What is z(f)?
9
Suppose 6*v = 7*v - 12. Suppose v = -4*f + 8*f. Let b(d) = -d**3 + 4*d**2 - 3*d - 2. Calculate b(f).
-2
Let b(q) = -q**2 + 1. Let u = 13 - 5. Let c be ((-2)/u)/((-1)/4). Suppose -2*p = -n + 6, -n + 7 + c = -4*p. Calculate b(p).
0
Let a(l) be the third derivative of l**6/360 + l**5/15 + l**4/6 + 2*l**3/3 - 8*l**2. Let m(o) be the first derivative of a(o). Give m(-3).
-11
Let f = -6 - -11. Let n(h) be the second derivative of -1/12*h**4 + 5/2*h**2 + 0 - 4*h + 5/6*h**3. What is n(f)?
5
Let d(o) = o**2 - 4*o + 1. Let c(j) = j - 3. Let x be c(10). Let z = -2 + x. Calculate d(z).
6
Suppose 4*x + x = 0. Let h(c) be the third derivative of -c**6/120 + 3*c**3/2 + 9*c**2. Determine h(x).
9
Suppose 3*x + o = -2*x + 6, -5*x - 5*o = -10. Let n(c) = -8*c + 1. Determine n(x).
-7
Let z(h) = -h**3 + h**2 + 1. Let p be z(1). Let j(c) = 0 - c - 6 + p. Let g = -11 - -5. Determine j(g).
1
Suppose 0 = -q + 5*q + 24. Let a(z) = z**3 + 6*z**2 + 3. What is a(q)?
3
Let f(k) = k**3 + k**2 + k - 5. Let l be (-2)/6*(-1 - -1). Determine f(l).
-5
Suppose 4*s = -0*s + 16. Suppose x + 3 = s. Let f(w) = -8*w**3 + 2*w**2 - 2*w + 1. What is f(x)?
-7
Let d(b) = -b**2 - 6*b + 3. Suppose 0*h = -5*h + 30. Let p(t) = t**2 - 7*t + 4. Let q be p(h). Let x be -2 - (1 + q)*-4. Determine d(x).
3
Let s(t) = -t**3 + t**2 - t + 7. Let x = 150 - 150. Determine s(x).
7
Let f(j) = j**3 - 8*j**2 + 5*j + 7. Let h be 2 + (-2 - -1) - -9. Suppose -h = -2*l + 4. Calculate f(l).
-7
Let r(p) = p**3 - 4*p**2 - 2*p - 2. Let k = -10 + 16. Suppose -2*x + 5*x - 40 = 4*b, 5*x - 3*b - 52 = 0. Let l be (x + -2)/(k/4). Calculate r(l).
-10
Let b(v) be the third derivative of -v**6/120 + 7*v**5/60 - 7*v**4/24 + v**3 - 6*v**2. What is b(6)?
0
Let v be (-12 + 2)*3/6. Let l(r) = r**2 + 7*r + 5. Calculate l(v).
-5
Let w = -1 + 6. Suppose -6 = 2*u - w*u. Let z(v) = -2 - v**2 - 2*v - v + 8*v. Determine z(u).
4
Suppose -5*w = 2*z + z - 22, -5*w + 24 = z. Let l(k) = 0*k**2 - 3*k**2 + 2*k + 4 - w*k + 2*k**2. Give l(-3).
4
Suppose 2*g + 4*k - 3*k - 7 = 0, 3*g - 28 = 2*k. Let h be -1*15/6*-2. Let n(r) = h - 1 - 3 + g*r. Give n(1).
7
Let l(v) = -v + 7. Let c be (8/(-12))/((-4)/30). Let f be l(c). Let a(r) = -3*r**f + 0*r**2 + 2*r**2 - 4*r - 1. Calculate a(-5).
-6
Let u(y) be the third derivative of -19*y**6/120 - y**5/30 + y**3/6 - 16*y**2. Give u(-1).
18
Suppose -3*g - 32 = -4*u - u, 12 = 3*u. Let a = 0 + g. Let m(l) be the first derivative of -l**3/3 - 5*l**2/2 - 4*l - 7. Determine m(a).
0
Let i(x) be the third derivative of x**4/24 - 2*x**3 - 43*x**2. What is i(8)?
-4
Suppose 6 = 2*q - 4, 4*q = u + 21. Let r be (3 + -1)/(u/2). Let a(z) be the second derivative of z**5/20 + 5*z**4/12 + z**3/3 + z**2 - z. Give a(r).
10
Let n(t) = t**3 + 5*t**2 - 3*t + 2. Let k be (-4)/(-18) + (-112)/18. Determine n(k).
-16
Let t(n) = 4*n + 5*n + n**2 - 3 - 4*n + 7. Determine t(-5).
4
Let v = 14 - 11. Let s(z) be the third derivative of -1/60*z**5 + 0*z + 1/120*z**6 + z**2 + 1/12*z**4 - 1/6*z**v + 0. What is s(1)?
1
Let g = 1 - -3. Let d(h) = 5*h**2 + 7*h - 9. Let p(l) = -l**2 - 2*l + 2. Let n(t) = -2*d(t) - 9*p(t). What is n(g)?
0
Let r(n) be the third derivative of n**6/40 - 4*n**2. Calculate r(-1).
-3
Let p(j) = -j**3 - 7*j**2 + j + 5. Suppose 0 = -2*k - 3*b + 4*b - 14, 0 = 4*b. Calculate p(k).
-2
Let c(m) be the first derivative of m**2 + m + 26. Give c(-2).
-3
Let j(o) = -o**2 - 20*o - 2. Let r be j(-20). Let l(h) = h**3 + 3*h**2 + 4*h + 2. What is l(r)?
-2
Let x(o) = o**2 + 4*o - 2. Let a(k) = -k**3 + k**2 + 3*k + 2. Let r be a(3). Let j = 2 + r. What is x(j)?
3
Let v(b) = -b + 11. Let k be v(9). Let q(h) = 1 + 1 - 3*h + 5*h**2 + 0*h - 6*h**k. Give q(-3).
2
Let d(n) = -3*n**3 + 2*n**2 + 14*n - 12. Let a(o) = o**3 - o**2 - 5*o + 4. Let f(g) = 11*a(g) + 4*d(g). Determine f(-3).
-7
Let a be (-4)/2 - (0 + 1). Let i be 2*-2 - (-1 + -8). Let w = a + i. Let d(u) = 2*u. Give d(w).
4
Let w(j) be the second derivative of 4*j + 1/20*j**5 - j**2 + 0 + 5/12*j**4 + 1/6*j**3. Give w(-3).
13
Suppose 4*v - v + 8 = -2*m, 2*v + 5*m = -9. Let z(d) = d**3 + d**2 + 2*d. What is z(v)?
-8
Let v(a) = 4*a + 2*a - 5*a + 1 + 5*a**2. Calculate v(-1).
5
Let q(f) = -f**3 + f - 20. Let n(s) = s**2 - 9*s + 20. Let w be n(5). What is q(w)?
-20
Let d(u) = u - 6. Suppose -2*c = 0, -20 = 4*n + 2*c - c. Determine d(n).
-11
Let a(l) = -5*l - 1. Suppose -5*o + 4*o = -q - 6, 3*o + 2*q = -7. Give a(o).
-6
Let f = -8 - -7. Let g be (0 + 5)/((-1)/f). Let k(w) = -w**2 + 7*w - 5. Determine k(g).
5
Let u(k) be the third derivative of k**6/120 + k**5/12 - 7*k**4/24 - 7*k**3/6 - 17*k**2. Give u(-6).
-1
Let z(b) = -9*b**2 + 1. Let t(d) be the first derivative of -d**2/2 - d - 1. Let x be t(0). Give z(x).
-8
Let i(h) be the second derivative of -h**6/120 - h**5/20 + h**4/24 - h**3/6 - h**2 - 2*h. Let z(c) be the first derivative of i(c). Give z(-3).
-4
Let m = 3 - 3. Suppose 4*y + 3*k - 23 = -0*k, -3*y + 5*k - 19 = m. Let d(o) = -o**3 + o**2 + 3*o - 1. What is d(y)?
1
Let r(c) = -c**2 + 6*c. Let w be (0 + -2)/((-8)/28). Suppose -w*o + 25 = -2*o. Determine r(o).
5
Let o(n) = 4*n - 2. Suppose r = i + 18, -1 = -i + 1. Let d = r + -12. Suppose 0 - d = -4*b. Give o(b).
6
Let q(r) = 3*r**2 + 2*r + 1. Let u(m) = -m**2 + m. Let w(y) = q(y) + u(y). Let z be -2*(-1 - (-5)/2). What is w(z)?
10
Let b(o) = 2*o**2 - 1. Let t = -2 + 3. Let x be b(t). Suppose n - 2*n - x = 0. Let d(l) = -8*l - 1. Calculate d(n).
7
Let x be 6*(-2)/8*-2. Let q(j) be the third derivative of j**5/60 - j**4/4 + j**3/3 - j**2. What is q(x)?
-7
Let a(h) = -h**3 - 3*h**2 + h - 2. Let m(g) = -g**2 + 5*g + 11. Let s be m(7). Determine a(s).
-5
Let r(g) = 2 + g**2 + 2*g**3 - g - 3*g**3 + 2*g**2. Suppose 5*y - 11 = -1. Suppose 2 = y*s - 4*w, -3*s + 0*w - 2*w = -11. What is r(s)?
-1
Let p(y) = -7*y - 21 + 21 + 8*y. What is p(-1)?
-1
Let c(a) = -2*a. Suppose -5*i + 8*s - 15 = 3*s, 3*i - s = -1. Let x be ((-1)/2)/(i/(-6)). Suppose x*g = -2*g - 10. Calculate c(g).
4
Let i(t) = 3*t - 4*t + 0*t + t**3 - 7. Suppose -4*m + 0*m = 8. Let q = -2 - m. What is i(q)?
-7
Let p(h) = h**2 + 5*h - 4. Let j be p(-6). Suppose -2 = -j*c - 0*c. Let b(r) = 2*r**2 + 1. Calculate b(c).
3
Let x(v) = -v**3 - 2*v**2 + 6*v + 2. Suppose -1 - 2 = -s. Suppose -3*y - 3 = -s*i, y = 2*i + 3 - 1. Calculate x(y).
10
Let i(o) = -3*o**2 - 13*o + 6. Let h(n) = -n**2 - 6*n + 3. Let m(d) = 5*h(d) - 2*i(d). Give m(2).
-1
Let d(g) = -2*g**3 - 8*g**2 + 6*g - 6. Let w(z) = 3*z**3 + 16*z**2 - 11*z + 13. Let f(n) = 5*d(n) + 3*w(n). Calculate f(8).
-15
Suppose 1 = -g - 2*s, 3 = -4*s + 3*s. Let n(x) = -g*x**2 - 34 + 16 + 17. Determine n(1).
-6
Let y(o) = 6*o**2 - 4*o + 4. Let p(j) = -30*j**2 + 21*j - 20. Let z(k) = -2*p(k) - 11*y(k). Let u(v) = -1. Let c(q) = -5*u(q) + z(q). Give c(-1).
-7
Let a(r) = -r**2 + 4*r + 3. Let b be a(5). Let n(l) = -2*l**3 - 4*l**2 - 2*l + 2. Give n(b).
6
Let y be -3 - (-10)/4*(4 - 2). Let q(u) = u**2. Calculate q(y).
4
Let w(a) = a**3 + a + 1. Let v be (2/(-2))/(1/5). Let s(o) = -6*o**3 + 2*o**2 - 7. Let b(p) = v*w(p) - s(p). Calculate b(3).
-4
Suppose f = 3*f, 5*i = 2*f. Suppose 5*l = -5 - i. Let r(z) = 23 - 22 + 0*z + 6*z**2 + z. What is r(l)?
6
Let l(h) = -h**2 - 2*h - 2. Let k be (-8)/(-5)*210/(-12). Let z be -5*(2 - k/(-20)). Give l(z).
-5
Let c(v) = v**2. Suppose 0 = p + 5 - 11. Suppose 4*i = -t - 21, 4*t + i + p = 3*t. Let o be -1 + t + (-3 - -2). Determine c(o).
9
Suppose 0 = g - 5*p - 2 - 21, -3*g = 2*p + 16. Let a(z) = 3*z + 1. Calculate a(g).
-5
Suppose 0 = 6*x + 12 + 24. Let p(b) = b**2 + 9*b + 1. What is p(x)?
-17
Let l(o) = -3*o - 4. Let y(s) = 1. Let j(h) = l(h) + 4*y(h). What is j(-5)?
15
Let j be 177/15 + 4/20. Let z(n) = 26 - n - 6 - j. Calculate z(0).
8
Let k(o) = o**3 + 15*o**2 + o + 21. Suppose 5*j + 69 = 2*z, -z + 2*z = 4*j + 57. Let n be k(j). Let t(h) = -h**3 + 7*h**2 - 6*h. What is t(n)?
0
Let r(j) = -2*j**2 - j - 3. Let n be r(-3). Let l be 14/n + 10/(-45). Let t(x) = 2*x**2 + x. Give t(l).
1
Let u = 2 + -2. Let t = u + 1. Let w(a) = -9*a**2 + 0 + 0*a**2 + t. Give w(-1).
-8
Let l(u) = -5*u + 9 - 6*u + 10*u. Calculate l(5).
4
Let a be (-12 - -12) + (-3)/1. Let h = 2 - -2. Let f(p) = 3*p + 1 - h*p - p. What is f(a